)). Determine f(n).
62
Suppose 13 = i - 17. Suppose -2*l - 10 + i = 0. Let g(r) be the third derivative of -r**5/60 + 11*r**4/24 - r**3 - 746*r**2. Give g(l).
4
Let j(i) = i**3 - 3*i**2 + 9*i. Suppose -180 + 46 = -98*z + 258. Give j(z).
52
Let x be -25*4/(-20) - 1. Let c(g) = -5*g**2 + x*g + 5*g - g**3 + 0*g - 3*g**2 - 15 + 16. Calculate c(-9).
1
Let h(z) be the first derivative of -3*z**2/2 + 45*z - 6807. Give h(7).
24
Suppose 4*h = -5*o - 40, 0 = -3*h - 5*o - 24 - 11. Let u be -10 + 184/20 - 24/h. Let z(l) = 5*l. Determine z(u).
20
Let q(u) = -u**2 + 8*u - 5. Suppose -3*b + 21 = -d, -4*d + 27 = b + 46. Determine q(b).
10
Let a(i) = i**2 - i. Let w(k) = -4*k**2 + 2*k**2 + 5*k**2 + 4*k**3 - k - 1 - 4*k. Suppose -20*t = -24*t - 12. Let j(h) = t*a(h) + w(h). What is j(-1)?
-3
Suppose 1841*o - 1858*o = -136. Let h(i) = -5*i + 18. Give h(o).
-22
Let n be (-6)/3 - -2*3. Let c(m) = -m**2 + 4*m - 11. Let f(g) = -9*g - 6. Let u(b) = -2*b - 1. Let j(d) = f(d) - 5*u(d). Let v(r) = n*j(r) - c(r). What is v(0)?
7
Let u(m) = -m - 7. Let v = -4 + 7. Suppose -12 = -f + c, 2*f - 8*c = -v*c + 27. Suppose f*n - 7*n = 0. Determine u(n).
-7
Let z(i) = i**3 + 7*i**2 - 9*i. Let r be z(-8). Let d(w) = -w**2 + 0*w**3 + r*w + 525 - 3*w**2 - 521 - w**3. What is d(-5)?
-11
Let j(d) = d**2 - 7*d + 1. Let z(x) = x**2 + 6*x - 33. Let i be z(4). Suppose 3*q - i = -h - 3, 0 = h + q - 6. What is j(h)?
1
Let r(t) = 4*t + 10. Let d(a) = -49 + 10*a - 51 + 5 + 17. Let p be d(7). Give r(p).
-22
Suppose 3*w - 518 = -n, -11*w + n = -6*w - 866. Suppose -56 = 180*r - w*r. Let z(h) = h**3 + 7*h**2 - 7*h - 2. What is z(r)?
-10
Let t(f) = 12*f**2 + 9*f + 9. Suppose 91 = -31*g + 60. What is t(g)?
12
Let p(t) = 18*t - 30. Let z(g) = -4*g + 1. Let w(s) = -21*s + 59. Let j be w(3). Let r(q) = j*z(q) - p(q). What is r(13)?
0
Let w(q) = 4*q + 168 - 185 - q. Let i(m) = -2*m + 10. Let k(r) = 10*i(r) + 6*w(r). Suppose -5*t - 3*o = -t + 14, 3*o + 6 = 0. Determine k(t).
2
Let i(d) = 5 - 67*d + 117*d - 50*d - d**2 - 1. Let r(n) = -n - 6. Let u be r(-9). Calculate i(u).
-5
Let v = 3677 - 3681. Let p(l) = 2*l + 3. Give p(v).
-5
Let a be (2/8)/((-15)/(-180)). Let w(k) = -12*k**2 - 2 + 4 + k**a + 12*k**2. What is w(0)?
2
Let y(i) = 26*i**2 + 10*i - 15. Let s(p) = 48*p**2 + 17*p - 27. Let l(b) = 6*s(b) - 11*y(b). Let h(g) = g - 2. Let o be h(5). Suppose -t + 20 = o*t. Give l(t).
13
Let o(q) = -3 - 7*q + 2*q + 4*q. Let k = 11912 - 11907. Calculate o(k).
-8
Let n be -2 - 3/(6/(-10)). Suppose -12 = -9*a + 3*a. Let u(l) = 3*l - a*l - 53 + 31 + 26. Give u(n).
7
Suppose 6*m - 56 = -9*m + 34. Let r(o) = -o**3 + o**2 + 21*o - 4. Calculate r(m).
-58
Let i(a) = -12*a**2 - a. Let v(s) = 50*s**2 - 18*s + 38. Let h(w) = -4*i(w) - v(w). Calculate h(7).
18
Let p = 0 + -1. Let c = 94 - -217. Let a(n) = -311 + c + 3*n - 2*n - 3*n**2. Calculate a(p).
-4
Let h(k) be the third derivative of -k**5/60 - 11*k**4/24 + k**3/6 - 30*k**2 - 7*k - 7. Let a(d) = 2*d - 1. Let j be a(-5). What is h(j)?
1
Let d(f) = 5*f**2 + 4*f + 16. Suppose -6*o - 3*o = -27. Let p(i) = -4*i**2 - 6*i - 16. Let b(u) = o*d(u) + 4*p(u). What is b(-10)?
4
Let g(i) = 14 - 19*i - 8 - 12*i - 17*i - i**2 + 39*i. Let u be -20*3*2/15. What is g(u)?
14
Let f(h) = -h**2 + 3*h + 3. Let m(o) = -o**3 + 7*o**2 + 2*o - 11. Let k be m(7). Let l = 40 + -36. Suppose 0 = r + p, -k*r - 2*r - 4*p = -l. Determine f(r).
-1
Suppose -3*y + 2*f = -18, -3*y + 0*f - 2*f + 6 = 0. Let r(g) = -y*g**3 + 4*g**2 + 119*g + 3 + 5*g**3 - 123*g. Determine r(-5).
-2
Suppose 9*y - 11*y = 230. Let b be 4/26 - (y/13 + 2). Let v(i) = i - 16. Calculate v(b).
-9
Suppose -4*a - 5 = -1. Let q(f) = -231*f**3 + 20*f**2 + 128*f + 64. Let v(g) = -69*g**3 + 6*g**2 + 38*g + 19. Let k(b) = 8*q(b) - 27*v(b). Calculate k(a).
-16
Let l = 747 - 739. Suppose 2*o + 5*t + 6 = 0, o + l = 4*o - t. Let a(r) be the third derivative of r**5/60 + r**4/24 - r**3/3 - 2*r**2. Give a(o).
4
Let u(t) = 15*t**2 + 3*t - 4. Let o = 4169 + -4168. Calculate u(o).
14
Suppose -15*j + 6 = 96. Let o(u) = -u - 10. What is o(j)?
-4
Let r(l) = -5*l**3 + 96*l**2 - l - 241. Let h(k) = k**3 - 19*k**2 + 47. Let t(g) = 11*h(g) + 2*r(g). What is t(17)?
1
Let y = -12 - -20. Suppose -93*n = -71*n - 154. Let b(u) = -n + y - 3*u - 13*u. Determine b(-1).
17
Let f(l) = -l**3 - 17*l**2 - 28*l + 32. Let y be f(-15). Let i(j) = -6*j + 4*j**y + 8*j + 154*j**3 - 155*j**3 - 7. Calculate i(5).
-22
Suppose j = -4*o - 3*j, 14 = 3*o - 4*j. Let t = -23 + 26. Let x(g) = 3*g**3 - 2*g**2 - 2*g**t + g**3. Calculate x(o).
8
Let o(a) = 51*a - 41. Let t be o(1). Let l(w) = 9*w**2 + 1 + t*w**2 + 3*w - 30*w**2 + 12*w**2. What is l(4)?
29
Let o(q) = q**3 + 8*q**2 + 6*q. Let w(i) = -i**3 - 4*i**2 + 7*i + 3. Let j(f) = -f**2 - 21*f - 25. Let t be j(-20). Let p be w(t). What is o(p)?
7
Let d(l) = l**2 + 17*l - 85. Suppose 2*j = 2*m + 38, -5*m - 55*j + 51*j = 122. What is d(m)?
25
Let w(k) = -k**2 - 4*k - 16. Let d be w(-9). Let n = d + 55. Let i(f) = -f**3 - 6*f**2 + 1. Give i(n).
1
Let u(w) = -w**3 - 14*w**2 + 8*w + 22. Suppose -4*r - 69 + 25 = 3*x, 2*r + x = -24. Give u(r).
-90
Let b = 95 + -93. Let n(o) = 8*o - 6*o**3 + 9 + 5*o**3 - o**2 - 3*o**b - 3. Suppose -3*t = 0, -5*h + t - 14 = 11. Give n(h).
-9
Let s(b) = -1. Let p(v) = 11*v + 10. Let o(r) = -20*r - 19. Let f(h) = -6*o(h) - 11*p(h). Let z(m) = f(m) - 6*s(m). Calculate z(0).
10
Let i(n) = -n**3 + 5*n**2 + 2*n - 11. Let h be i(3). Let c(q) = -67 - 65 + h*q - 14*q**2 - 65 + 0*q**3 + q**3 + 192. Calculate c(13).
-5
Let f(p) = 12*p - 3546 + 7175 - 4215. Give f(49).
2
Let u be ((-5704)/(-440) - 5) + (-246)/(-6765). Let f(i) = 3*i - 2*i + 34 - 5*i. Give f(u).
2
Let g(f) be the second derivative of -f**4/12 - 7*f**3/6 + 2*f**2 - 6*f. Let z(j) = -j**3 + 5*j**2 + 3*j - 4. Let o be z(5). Let v = o + -20. Calculate g(v).
-14
Let o(x) be the third derivative of -x**6/120 + 2*x**5/15 - 13*x**4/24 + x**3/6 - 60*x**2 + 3. What is o(5)?
11
Suppose 3*x - 2*k = 6, 6*x - 7*x + 15 = -5*k. Let w(i) = i**3 - 2*i**2 - i - 24. Determine w(x).
-24
Suppose 0*p + p - 6 = 0. Suppose 6*m = 6 + p. Let j(z) = -z + 2*z**2 + 13 - z + 2*z**3 - 12. What is j(m)?
21
Let q(y) = 44*y**3 - y + 23. Let x(g) = 35*g**3 - g + 20. Let l(i) = -4*q(i) + 5*x(i). Suppose 4*b + 3*h + 15 = 0, 4*b + 0*b = 4*h + 20. Determine l(b).
8
Let a(u) = -7*u**2 + 28*u + 29. Let n be (((-90)/(-25))/9)/(2/(-5)). What is a(n)?
-6
Let l be -17 + (2/5)/((-41)/(-205)). Let g(h) = 2*h**2 + 29*h - 13. Give g(l).
2
Let f(d) = 56*d - 14*d - 118 - 120 + 366 - 124. Calculate f(-1).
-38
Let q(v) = -3*v + 11 - 17 - 2 + 1. Give q(-5).
8
Let d(j) = 2*j**2 - 6*j - 5. Let b be (-1)/(-2) + (-70)/(-28). Suppose -4*m = -4*k - 9*m - 22, -2*k - 12 = b*m. Let o be (k - -3 - -2)/(8/20). Calculate d(o).
15
Suppose 5*p - 5*m - 70 = -20, 5*m = p + 18. Let s(j) = j**3 - 16*j**2 - 8*j - 36. What is s(p)?
117
Suppose 6*v + 59 = 23. Let l(a) = -26*a - 5. Let t(n) = -4*n - 1. Let o(d) = v*t(d) + l(d). Give o(-2).
5
Let j(y) = -15*y - 8. Let o(b) = 11*b + 6. Let p(n) = 2*j(n) + 3*o(n). Suppose -2*c = -g - 5 - 12, -4*g = 4. Calculate p(c).
26
Let f = -15 + 9. Let v(a) = -5*a**3 - a**2 - 6*a - 3. Let i(q) = -1 + 9*q**3 - q**2 - 8*q**3 + 2*q**2 + 0*q**2. Let m(t) = -6*i(t) - v(t). Give m(f).
9
Suppose -q - 2*v = 2*q + 5, -q + 4 = -5*v. Let t(x) = 7*x - 25*x - 362 - 378 + 741 + 13*x. Calculate t(q).
6
Suppose 3*h + 42 = -5*y, -3*y + 4*h - h = 6. Let j(n) = 2*n**2 + 4*n + 14. Let t(s) = -2*s**2 - 5*s - 16. Let z(x) = y*j(x) - 5*t(x). Give z(0).
-4
Suppose -273 = -0*u - 25*u + 227. Let f(b) = 6*b - 118. Calculate f(u).
2
Suppose 1 = -v, -5*v + 49 = 2*g - 0*v. Let h = g - 23. Suppose h*l - l - 6 = 0. Let x(f) = f**2 - 3*f + 3. Give x(l).
1
Let f(g) = -2*g - 8*g - 18*g + g**2 - 21 + 7*g - 6. What is f(22)?
-5
Let l(v) = 4948*v - 16 - 4953*v + 48. Calculate l(4).
12
Let f(w) = -7*w + 14. Suppose -4*r + 4*i = 60, 3*r + 46 = -i + 13. Give f(r).
98
Let v(y) = -5*y + 7. Let b = -178 + 175. Let r(u) = 6*u - 5. Let d(n) = b*v(n) - 4*r(n). What is d(-3)?
26
Let h(x) be the third derivative of -2*x**3 + 1/60*x**5 - 18*x**2 - 1/24*x**4 + 0 + 0*x. Let t(b) be the first derivative of h(b). Give t(3).
5
Let u(h) = 4*h**2 - 10*h + 31. Let l be u(-12). Let z(a) = -735 + l + a**2 + 17*a - 8*a. Calculate z(-10).
2
Let j(p) = 